it of q?
6
Let b(g) = -47*g + 1304. What is the units digit of b(-37)?
3
What is the hundreds digit of -13*(90/(-8))/(9/36)?
5
Let s(j) = -19*j + 110. What is the tens digit of s(-9)?
8
Let d = 3 + 0. Suppose 3*c - 5*u + 2 = d, -5*c + 5*u + 5 = 0. Suppose 3*x = 5*v + 124, 2*x - 52 - 4 = -c*v. What is the units digit of x?
3
Let q(m) = m**3 + 24*m**2 - 25*m + 4. Let p be q(-25). Suppose 110 + 570 = 5*c - 5*w, 662 = 5*c + p*w. What is the tens digit of c?
3
Suppose -2*r + 3070 = s, -5*r + 4443 = -5*s - 3217. What is the hundreds digit of r?
5
Let c = 1524 + -581. What is the units digit of c?
3
Let q = -41 + 68. Suppose 5*j = q - 12. What is the units digit of -1 + j/(-3 - -4)?
2
What is the hundreds digit of ((-48)/(-15))/(-8) - 1047/(-5)?
2
Let v(f) = -f**3 - 10*f**2 - f - 7. Let k be v(-10). Let h = -11 + 22. Let w = h + k. What is the tens digit of w?
1
Let g be 1/(-4) - (-177)/(-12). Let m be (-20)/g*(-18)/(-8). Suppose m*b - b = 72. What is the units digit of b?
6
Let w be 1 - ((0 - 1) + -2). Let u be (-2)/(-4) + 1320/16. Suppose -w*p = -4*x - 136, 3*p + x - 19 = u. What is the tens digit of p?
3
Let r be (0 - (-44 + 3)*3) + 0. Suppose 523 = 5*n + r. What is the units digit of n?
0
Let u(a) = -a**3 + a**2 - 2*a + 85. Let m be u(0). Let n = -58 + 6. Let w = m + n. What is the tens digit of w?
3
Let r(a) = 180*a + 2. Let g be r(-1). Let p = -64 - g. What is the units digit of p?
4
Let u be 1/(-5) + (-2)/(40/36). What is the tens digit of ((-152)/(-16))/(u/(-4))?
1
Suppose -11*m = -7*m - 2*i - 3642, -5*i - 888 = -m. What is the hundreds digit of m?
9
What is the tens digit of 0 - 1/3 - (-7572)/36?
1
Let k = -6 + 5. What is the units digit of (-14)/(-8) + k/(-4)?
2
Suppose 10 = 4*z - 6. Suppose -4*d = -i - 16, -d - i = -0*d - z. Suppose -2*t - 5*x = -0*t - 81, 5*t + d*x = 245. What is the units digit of t?
3
Suppose -7*f + 2*f + 30 = 0. Suppose -z + a = -10, -f*z + 5*a + 44 = -2*z. Let q = z - -14. What is the tens digit of q?
2
Let y be 48*(4/8 - 1). Let g be 4/(-6) + (-8560)/y. Suppose 5*s + 46 = 2*u + g, -4*s = 2*u - 230. What is the units digit of s?
0
Suppose -3*p = 2*z - 608, 2*p + 3*p = 0. What is the units digit of z?
4
Let x be ((-204)/10)/(7 - (-222)/(-30)). Let b = x + -17. What is the tens digit of b?
3
Let m = 1150 + -963. What is the tens digit of m?
8
Let r(l) = 2*l - 8. Suppose -7*t - 10 = -9*t. Let h = t - -1. What is the units digit of r(h)?
4
Suppose -12*s - 20 = -4*t - 8*s, -2*t + 13 = s. Suppose -5*x + 2*k = -x - 734, 0 = -2*k - t. What is the hundreds digit of x?
1
Suppose -12*g - 11220 = -23*g. What is the units digit of g?
0
Let b = 822 + -1206. What is the units digit of b/(-28) - -4 - (-2)/7?
8
Suppose 2288 = 4*x - 4*u, 2*u - 1144 = -2*x + 7*u. Suppose -2*r = -3*t + x, 3 + 0 = -3*r. What is the hundreds digit of t?
1
Let n = 57 - 38. Suppose -n = 4*k - 135. What is the units digit of k?
9
Suppose n - 6 = -4*m - 2, -n + 5 = 3*m. Let i(z) = z**2 - z. Let h(f) = -f**3 + 11*f**2 - 4*f + 6. Let b(j) = -h(j) + 3*i(j). What is the units digit of b(n)?
2
Suppose -24 + 9 = -3*j. Suppose b + 3*b + j*w = 3, 0 = -3*b - 3*w + 3. Let m(n) = 8*n**3 + n**2 - 4*n + 5. What is the units digit of m(b)?
5
Suppose -5*n + n = -100. Suppose -2*b + 2 = 0, -n = -4*u - 2*b + 9. Suppose -m + u = -48. What is the tens digit of m?
5
Let z(q) = 43*q**3 + 6*q**2 - q + 3*q - 9 - 44*q**3. Let y be z(6). Suppose -y*o + 73 - 13 = 0. What is the tens digit of o?
2
Suppose 29*u + 76464 = 101*u. What is the units digit of u?
2
Let n(w) = 9*w**2 - 8*w**2 + 0*w**2 - 5 - 4*w. Suppose -4*i + 3*h + 15 = 0, -2*i = 2*i - 4*h - 12. What is the units digit of n(i)?
7
Let w be (-16 - 1) + 6 + (-21)/7. What is the units digit of w*(-4)/(-12)*-12?
6
Let j(y) be the second derivative of y**5/20 + 13*y**4/12 - 17*y**3/6 - 10*y**2 - 18*y. What is the units digit of j(-14)?
2
Suppose 5*p - 177 = 143. Suppose 5*c + 5*w - 50 = 45, w - p = -4*c. Suppose 2*x = 5*x - c. What is the units digit of x?
5
Let l be ((-41)/(-2))/((-1)/(-6)). Let g = -63 + l. What is the tens digit of g?
6
Let o be (-2)/13 + (-1428)/(-156). Let b = -26 + 42. Let p = b - o. What is the units digit of p?
7
Let g be (11 + -11)*1/2. Suppose -i - z = 3 - 4, g = -2*i - 5*z - 1. Suppose 0 = -2*n + i, -178 = -2*b - 5*n - 63. What is the tens digit of b?
5
Let o be (-99)/(-2)*(4 - 2). Let z = o - 77. What is the units digit of z?
2
Let l = 283 + 219. What is the units digit of l?
2
Let o(t) = -t**3 + 7*t**2 - 7*t + 3. Let a be o(6). Let p = 4 + a. What is the units digit of 4*(3/p)/6?
2
Suppose 4*l - 5*i + 17 = 0, 2*i = 5*l - 2*i + 10. Suppose 341 = l*j + 2*j + 3*n, -4*j + 3*n + 371 = 0. What is the tens digit of j?
8
Let f(h) = -h**3 + 14*h**2 - 12*h - 18. What is the units digit of f(12)?
6
Let n = 388 - 251. Suppose 5*r = 4*y + n, 2*r - 3*y - 9 - 43 = 0. What is the units digit of r?
9
Suppose 0 = 5*q + 15, 0*o - 5*q = 5*o - 2560. What is the units digit of o?
5
Let o(u) = u - 15. Let a be o(12). Let q be (a/(-5))/((-8)/(-40)). Suppose 0 = q*n - 2*n - 23. What is the units digit of n?
3
Suppose f + 1369 = 5*b - 0*f, 5*f - 253 = -b. What is the units digit of b?
3
Suppose 8*o = 4*o. Suppose j = -o*j + 4. What is the units digit of j?
4
Suppose -25 = -y - 5*j, -4*y + 2*j - 10 = -3*y. Suppose 3*q + 4*s - 356 = y, 3*q - 3*s = -2*q + 574. What is the tens digit of q?
1
Let m(v) = 2*v**2 + 16*v + 2. Let f be m(-8). Suppose 0 = -2*u - f*u + 16, 152 = 3*x - u. What is the units digit of x?
2
Suppose 0 = 3*l - 0 + 6, -4*l = -5*r + 743. Suppose c - 2*c = -3*v - r, 5*v = -20. What is the hundreds digit of c?
1
Let f(s) = -s**2 - s**3 - 18*s + 14 - 17*s**2 + 3*s**2 - s. What is the tens digit of f(-14)?
8
Let w be 176/24 + 1/(-3). Suppose -w*k + 2*k = 3*f - 27, 3*f = -k + 15. Suppose 0 = 4*q - k*q - 30. What is the tens digit of q?
3
Let w = 54 + -52. Let r(l) = -3*l - 4. Let x be r(-7). Suppose w*a = 15 + x. What is the units digit of a?
6
What is the units digit of 15/(-6)*34804/(-70)?
3
Suppose -20 - 5 = 5*r. What is the tens digit of 26/65 + (-1688)/r?
3
Let g be -1 + 5 + 218/2. Let k = 165 - g. What is the tens digit of k?
5
Let z = 10 + -11. Let u = z + 4. Suppose -5 - 55 = -u*c. What is the tens digit of c?
2
Suppose f = -5*w + 251, 0 = 2*f - 11*w + 15*w - 472. What is the hundreds digit of f?
2
Let h(p) = -4*p - 2. Let m be h(-1). Let f be 72 - (-4)/2 - m. Suppose -2*q + f = 2*q. What is the units digit of q?
8
Let g(u) = 254*u - 388. What is the units digit of g(11)?
6
Suppose -5 - 25 = 3*q. Let s(w) = w**2 + 10*w + 4. Let u be s(q). Suppose 3*x = j - 22, u*x + 0*x + 56 = 4*j. What is the units digit of j?
0
Suppose -5 = -2*w + 4*q - 5*q, 4*w - 3*q = 15. Let o(m) be the second derivative of -m**5/20 + m**4/3 + m**3/3 + 3*m. What is the tens digit of o(w)?
1
Suppose -5*n + 19 = 3*y, -2*n + 1 = 2*y - 9. Let j(k) = 34*k + 14. What is the tens digit of j(y)?
1
Let x(d) = -8*d - 138. Let l be x(-17). Let y = 4 - 3. What is the units digit of (-132 + 6)/(y*l)?
3
Let s = 393 - -95. What is the hundreds digit of s?
4
Suppose -4*s + 16 = 3*c, c + 11 = 5*s - 9. Suppose 4*y - 2*g = -5*g + 150, -2*y - 5*g + 82 = c. What is the tens digit of y?
3
Let c(x) = -x**3 + 20*x**2 + x - 162. What is the hundreds digit of c(17)?
7
Let f = 65 + -66. Let x(t) = -36*t. What is the tens digit of x(f)?
3
Suppose 0 = -2*x + 3*x + 2*u - 6, 3*x - 2*u - 10 = 0. What is the units digit of 1 - x*6*-2?
9
Let r(f) = -f**3 + f - 1. Let i(y) = -y**3 + y**2 - 5*y + 4. Let u(o) = -i(o) - 4*r(o). Let a be u(-2). What is the tens digit of 3/(18/a)*-3?
2
Let t = -17 + 52. Suppose v - 32 - t = 0. What is the tens digit of v?
6
Suppose 5137 = -19*c + 13079. What is the hundreds digit of c?
4
Let m = -67 + 116. Let l = m - 32. What is the tens digit of l?
1
Let l(f) = -f**2 + 1. Let z(s) = -6*s**2 + 2*s + 4. Let b(c) = 3*l(c) - z(c). What is the units digit of b(-2)?
5
Suppose 9*p + 183 = 10*p. What is the hundreds digit of p?
1
Let h(f) be the second derivative of -2*f**3/3 - 23*f**2/2 + 2*f. What is the tens digit of h(-16)?
4
Suppose 4*j - 17122 = 5*l, 2*l = 17*j - 16*j - 4279. What is the units digit of j?
3
Suppose -220*q + 201*q = -73758. What is the units digit of q?
2
Suppose -2 = 3*k + 19. What is the tens digit of 18/(-42) - 437/k?
6
Let